he first derivative of d - 1 - 5/2*d**2 + 5/3*d**3 + 1/4*d**4. Give p(v).
-5
Suppose 0 = 2*f - 2*q + 7*q - 18, -2*f = -4*q. Let v(u) = u**3 - 4*u + 3. Let o be v(2). Let a(z) = -z**3 - z - 4*z**2 - 3*z**3 + 5*z**o + 3. Determine a(f).
-1
Let l = 3 + -2. Suppose -2*p = 8 - 12. Let m(h) = 3*h**2 - h**2 - 8*h**p - 1. Give m(l).
-7
Let x(k) = 2*k - 13. Let q be x(10). Let s(p) = p**3 - 7*p**2 + p - 1. Give s(q).
6
Let r(n) = n - 4. Suppose -2*k = -4*q - 24, -3*k = -0*q + 2*q - 28. What is r(k)?
6
Let x = 1 + -1. Suppose -k + 5*h + 8 = x, -4*k + 13 = -h - 0*h. Let s(v) be the first derivative of v**4/4 - v**3 + 4*v - 17. Determine s(k).
4
Let m(w) be the third derivative of w**6/120 - w**4/8 - w**3/3 - 12*w**2. Determine m(-2).
-4
Let g(f) = -10*f + 20. Let k(z) = -4*z + 8. Let y(n) = 5*g(n) - 12*k(n). Give y(4).
-4
Let k(r) be the second derivative of 0 + 1/4*r**4 - r + 0*r**2 - 1/6*r**3. Determine k(2).
10
Let c(j) = j**2 - 4. Let r = -8 - -8. Calculate c(r).
-4
Let d(m) = m**3. Let u(t) = 4*t**3 + t**2 - 7. Let c(z) = -3*d(z) + u(z). What is c(0)?
-7
Let h = 23 + -16. Let k(t) = -t**2 + 6*t + 1. Calculate k(h).
-6
Let c(p) be the second derivative of -10*p + 1/6*p**3 + 0 + 7/2*p**2. Determine c(6).
13
Let s(z) = -z**2 + z. Suppose 0*l + 4*l - 2*m = 20, -4*m - 31 = -5*l. Suppose -l*d = d - 8. Calculate s(d).
-2
Let d(y) = -5*y + 4*y - 2*y + 1. Let n be d(1). Let i(w) = -5*w + w - 2*w + 2*w - 3. Determine i(n).
5
Suppose 3*b + 3*w = 12, -b - 1 = 4*w - 2*w. Let a be (2 + -1)*(b - 6). Let h(c) = -c**3 + 4*c**2 - 3*c - 1. Determine h(a).
-1
Suppose 4*a + 23 = 3*t, -10 = 5*a + 4*t + 11. Let z(x) be the first derivative of x**3/3 + 3*x**2 + 7*x - 1. Determine z(a).
2
Let k(t) be the first derivative of t**3/3 - 7*t**2/2 + 6*t - 1. Let w(p) = -p. Let x be w(-7). Let j = -2 + x. Determine k(j).
-4
Let a(c) = -c + c**2 + 5 - 11 + 1. Suppose 0*l = -3*l. Calculate a(l).
-5
Let b(v) = 3 - 3*v**2 - 7*v + 7*v - 2. Calculate b(2).
-11
Suppose 0 = -5*c + 23 - 3. Let o(y) = y - 1. Let k(i) = -5*i + 7. Let x(w) = -k(w) - 2*o(w). What is x(c)?
7
Let s = 162 + -1943/12. Let x(t) be the third derivative of -3*t**2 + 0*t + s*t**4 + 0 - 5/6*t**3. What is x(5)?
5
Suppose -5*x + 3*x + 28 = 0. Let f = x - 10. Let y(k) = -14 + f*k - 3*k + 1. What is y(0)?
-13
Let o(v) = -v + 4. Suppose -4*f - g + 9 + 1 = 0, 0 = f + g - 1. Give o(f).
1
Let w(p) = -2*p**2 - 5*p - 3. Let i = -19 - -16. Determine w(i).
-6
Let i(m) = m. Suppose 0 = -3*j - 0*j + 3. Let y(p) = -p**2 + 8*p - 1. Let k(g) = j*y(g) - 5*i(g). Let r(u) = -2*u + 2. Let c be r(-1). Determine k(c).
-5
Let j(f) = -11*f**2 + f + 6. Let v(y) = -5*y**2 + y + 3. Let w(h) = -4*j(h) + 9*v(h). Suppose 27*k - 29*k = -10. Calculate w(k).
3
Let t be (-2 + 2)/(1 - 3). Let v(h) be the second derivative of t + 3/2*h**2 - 2/3*h**3 + 2*h. What is v(2)?
-5
Let z(m) = -m**3 + 4*m**2 + 13*m - 13. Let v be z(6). Let j(c) = -1. Let o(t) = -t**2 - 7*t - 7. Let a(r) = 2*j(r) - o(r). What is a(v)?
5
Let k(p) be the first derivative of -p**6/120 - p**5/20 + p**4/6 - 5*p**3/6 + 3*p**2 - 6. Let j(u) be the second derivative of k(u). What is j(-4)?
-5
Let j(f) = -f**2 + 5*f - 6. Let b be j(4). Let i(o) = -8 + 4 + 2*o + 7 + o**2. Give i(b).
3
Let u(o) = -o**2 + 6*o - 1. Let a = -18 + 23. What is u(a)?
4
Let a(z) be the first derivative of -z**3/3 - 2*z**2 + 2*z + 10. What is a(-3)?
5
Suppose f - 3*f = 5*z + 64, z + 8 = 2*f. Let m be (10 + z)/(2 - 0). Let t(a) be the third derivative of -a**4/6 - a**3/6 - a**2. Determine t(m).
3
Suppose 6*b = b - 60. Let z be -1 - 0*4/b. Let r(c) = 0 + 4*c**2 + 2*c - 3*c**2 + 1 - 2*c**3. Calculate r(z).
2
Let k(n) be the second derivative of n**3/6 + n**2/2 - 2*n. Give k(-6).
-5
Let z(d) = 6*d + 3 + 6*d**2 - 1 - 5*d**2 + 0*d**2. Let t be z(-6). Let c(w) = -w**3. What is c(t)?
-8
Let j(i) = -i**3 - 6*i**2 + i + 7. Let w(f) = f + 10. Let m be w(-8). Suppose m*y + 8 = 6*y. Let g be -3 + 1 + y*-2. What is j(g)?
1
Let n(k) = 5*k - k - 1 + 0*k. Suppose 0 = 3*i - 2*z + 22, -4*i - 3*z - z = 36. Let q = 9 + i. What is n(q)?
3
Let d(i) = -2*i**2 - i + 2. Let t be d(-3). Let s = t + 12. Let y(c) be the second derivative of -c**3 - c**2/2 + c. Calculate y(s).
5
Let u(i) = i**3 - 3*i**2 + 4*i - 3. Let d(p) = p**3 - 2*p**2 + 4*p - 2. Let m(b) = -6*d(b) + 5*u(b). Let j = 18 - 11. Suppose -3*g = -1 + j. Give m(g).
1
Let s(p) = 0*p + 3*p - 2*p + 2. Let z be s(2). Let a(n) = -2*n - 3*n + z*n. Determine a(0).
0
Suppose 3*d = 2*c + 12, -c + 1 + 3 = d. Let m(k) = k - 14*k**3 + 4*k**3 + k**2 + c*k**3 - 1 + k**3. What is m(1)?
-8
Suppose 6 = 4*r - 10. Let a = -4 - -6. Let y(s) = -a + 2*s - s + 5. Give y(r).
7
Let s be -1 + -22*(-3)/6. Let p(o) = o**3 - 9*o**2 - 11*o + 12. Calculate p(s).
2
Let x = -4 + 2. Let k be -2 + (-1)/(-1) - x. Let w(r) = -2*r + k + 2*r - 3*r. What is w(2)?
-5
Let r(v) be the third derivative of v**5/20 - v**4/12 - v**3/6 + 2*v**2. Give r(-1).
4
Let o(m) = -m**2 - 6*m + 8. Let d = -15 + 8. What is o(d)?
1
Let s(z) = z + 1. Let m be s(4). Let t(i) = 5*i + 2. Let g(r) = -2*r - 1. Let o(q) = -9*g(q) - 4*t(q). Give o(m).
-9
Let d(b) = 2*b**2 - b. Suppose -2*w + 4*w + 124 = -5*r, 0 = 5*r - 3*w + 139. Let n = r - -28. Calculate d(n).
6
Let j(s) = s. Let i = 3 - 1. Let f(v) = v**3 - 2*v**2 + 2*v - 1. Let t be f(i). Give j(t).
3
Let b(p) = p**3 + 4*p**2 + 3*p + 3. Let v(w) = w**3 - 10*w**2 - 10*w - 8. Let u be v(11). Suppose -u*z + 15 = -8*z. Determine b(z).
3
Let c(f) = -f**3 + 3*f**2 - 3*f + 3. Let r(h) be the second derivative of h**4/12 - h**3/2 + 3*h**2/2 + 5*h. Let l be r(3). Calculate c(l).
-6
Let z(f) be the second derivative of f - 1/2*f**2 + 1/4*f**4 + 5/6*f**3 - 1/20*f**5 + 0. Calculate z(4).
3
Let d(s) be the third derivative of -s**5/60 - s**4/4 - s**3/6 - s**2 - 6*s. Suppose 2*r + 12 = -0*r. Give d(r).
-1
Let j(a) = -a**2 - 5*a - 10. Let y = 10 - 17. Determine j(y).
-24
Let j(c) = -c - 5. Let p(q) = -q**3 - 5*q**2. Let g be p(-5). Suppose g = -f - 3*f. Calculate j(f).
-5
Let a = 19 - 12. Let k(s) = -s + 7. Let l be k(a). Let b(n) = n - 13. Determine b(l).
-13
Let k(v) = v**3 + 6*v**2 + v - 7. Let c be -4 - (-2)/(3 + -5). Determine k(c).
13
Let m(i) = -4*i**2 + 2 + 11*i + 5*i**2 - 5*i - 7*i. What is m(2)?
4
Let q(k) = 4 - 47*k - 3 + 45*k. Determine q(-4).
9
Let w(j) = j**2 + 4*j - 8. Suppose 2*v - 16 = 2*f - 0*f, 3*v = 2*f + 18. Give w(f).
4
Let q = -17 + 20. Let c(m) = m**3 + 0*m - 3*m**2 - 2*m + 0*m + 4. What is c(q)?
-2
Let u(m) = 2*m + 3. Let o be u(0). Let w(n) = n**3 - 2*n**2 - 4*n. What is w(o)?
-3
Suppose 4*w - 3*m - 16 = -0*w, -w + m + 3 = 0. Let r(p) be the second derivative of p**4/12 - 7*p**3/6 + 5*p**2 + 4*p. What is r(w)?
10
Suppose b = -v - 4*v - 8, 12 = -4*b. Let g(t) = 5*t**2 + t - 2. Let y(r) = -20*r**2 - 5*r + 9. Let q(o) = 9*g(o) + 2*y(o). Give q(v).
6
Let r(q) = q**3 - 2*q**2 - 3*q + 3. Let z(j) = 3*j**2. Let b be z(-1). Let f be r(b). Let n(p) = -p**2 + 4 + p - f + 1. Calculate n(-3).
-10
Let i(g) = g - 1. Suppose 24 = 6*u - 4*u. Suppose j + u = 3*j. Determine i(j).
5
Let b(s) = 7*s**2 + 12*s - 7*s - 2*s**2 + s**3. Suppose 0 = -0*v - 2*v - 3*y + 4, 12 = -5*v - 2*y. Let j be b(v). Let o(a) = -a**2 - 5*a - 6. What is o(j)?
-2
Let z(h) = -1. Let v(p) = p - 2. Let u(d) = -v(d) + z(d). What is u(-3)?
4
Suppose -30 = -6*n - 12. Let v(o) = -o**3 + 1. Let k(w) = -7*w**3 + w**2 + 3*w + 8. Let s(d) = -k(d) + 6*v(d). Determine s(n).
7
Let v(q) be the first derivative of q**2/2 - 4*q - 1. Let g be (-1 - 0)/((50/15)/(-10)). What is v(g)?
-1
Let u(o) = 3*o**2 + 7. Suppose 4*s + 3*l + 5 = 0, -2*l - 3*l + 45 = -4*s. Let z(h) = -4*h**2 - 7. Let g(a) = s*u(a) - 4*z(a). Calculate g(0).
-7
Let v = -5 - -3. Suppose 0 = -5*w - r + 10, -w - 8 = -5*w + 3*r. Let j(y) = y**w - 6*y + 5*y + 0*y**2 + 3*y. Give j(v).
0
Let l(z) = -4*z**3 - 2*z**2 - 6*z - 3. Let x(p) = 5*p**3 + p**2 + 7*p + 4. Let g(d) = 4*l(d) + 3*x(d). Give g(-3).
-9
Let l(m) = m**2 + 9*m - 21. Let g be l(-11). Let t(z) = -7*z + 1. Calculate t(g).
-6
Let u = -17 + 10. Let r be u + (-1 - -3) + 1. Let v(g) = -g - 5. Determine v(r).
-1
Let l be 10/(-6)*3/1. Let u(k) = k**3 + 4*k**2 - 6*k + 6. Calculate u(l).
11
Let l(w) = w**2 - w + 2. Let j be l(0). Let r(z) = -3*z + 2 - z**2 + 4 + 5*z**j - z**3. Let s be (-2)/2*(-4)/1. Give r(s).
-6
Let f(t) be the 